en 149479 is divided by 1712.
535
Calculate the remainder when 124187 is divided by 29901.
4583
Calculate the remainder when 98942349 is divided by 471154.
9
What is the remainder when 41081 is divided by 477?
59
Calculate the remainder when 3736731 is divided by 363.
9
What is the remainder when 5408037 is divided by 1158?
177
What is the remainder when 13452 is divided by 1500?
1452
What is the remainder when 542632385 is divided by 22?
9
Calculate the remainder when 27235 is divided by 1056.
835
Calculate the remainder when 1504710 is divided by 752337.
36
Calculate the remainder when 310364 is divided by 234.
80
Calculate the remainder when 24275444 is divided by 24275431.
13
What is the remainder when 786312 is divided by 392925?
462
Calculate the remainder when 52391177 is divided by 441.
377
Calculate the remainder when 3018169 is divided by 53895.
49
Calculate the remainder when 487603 is divided by 20253.
1531
Calculate the remainder when 1679550 is divided by 1688.
1678
What is the remainder when 2021942 is divided by 998?
992
What is the remainder when 19051205 is divided by 441?
5
What is the remainder when 219628041 is divided by 832?
9
Calculate the remainder when 1796247 is divided by 256606.
5
What is the remainder when 3862067 is divided by 94189?
318
What is the remainder when 104070 is divided by 1711?
1410
Calculate the remainder when 164487 is divided by 186.
63
What is the remainder when 864398 is divided by 108047?
22
Calculate the remainder when 1676661 is divided by 30484.
41
What is the remainder when 2831840 is divided by 17699?
0
Calculate the remainder when 5520311 is divided by 254.
129
Calculate the remainder when 155783 is divided by 155258.
525
What is the remainder when 201662 is divided by 66912?
926
Calculate the remainder when 103375 is divided by 33.
19
What is the remainder when 2129043 is divided by 6802?
17
What is the remainder when 3824595 is divided by 1261?
1243
Calculate the remainder when 428817 is divided by 309.
234
What is the remainder when 290305 is divided by 94638?
6391
What is the remainder when 25204 is divided by 24015?
1189
Calculate the remainder when 282014358 is divided by 170.
168
What is the remainder when 101830101 is divided by 5246?
5241
Calculate the remainder when 18368274 is divided by 16.
2
Calculate the remainder when 122499076 is divided by 1725339.
7
What is the remainder when 635809 is divided by 86?
11
Calculate the remainder when 983852099 is divided by 3150.
3149
Calculate the remainder when 37648 is divided by 193.
13
Calculate the remainder when 609296 is divided by 203020.
236
Calculate the remainder when 2307 is divided by 1257.
1050
Calculate the remainder when 21544670 is divided by 5386164.
14
What is the remainder when 172970 is divided by 113?
80
What is the remainder when 115603 is divided by 2623?
191
What is the remainder when 10555578 is divided by 1733?
1608
Calculate the remainder when 19327 is divided by 505.
137
Calculate the remainder when 762679 is divided by 108595.
2514
What is the remainder when 1187817 is divided by 843?
30
What is the remainder when 309521 is divided by 402?
383
Calculate the remainder when 157734328 is divided by 1326.
1324
Calculate the remainder when 66099 is divided by 1755.
1164
Calculate the remainder when 71165 is divided by 599.
483
What is the remainder when 483104 is divided by 457?
55
What is the remainder when 136661 is divided by 1705?
261
Calculate the remainder when 174462 is divided by 10817.
1390
What is the remainder when 35393 is divided by 687?
356
What is the remainder when 326259 is divided by 324?
315
Calculate the remainder when 1592262 is divided by 6499.
7
What is the remainder when 3695738 is divided by 58662?
32
What is the remainder when 9470988 is divided by 37?
24
What is the remainder when 2260370 is divided by 228?
206
What is the remainder when 14754 is divided by 216?
66
Calculate the remainder when 5957753 is divided by 35890.
13
What is the remainder when 1275756 is divided by 23625?
6
What is the remainder when 13782 is divided by 2653?
517
Calculate the remainder when 806740 is divided by 613.
32
Calculate the remainder when 1374295 is divided by 687086.
123
What is the remainder when 606004 is divided by 10100?
4
Calculate the remainder when 791190 is divided by 531.
0
What is the remainder when 1811139 is divided by 715?
44
Calculate the remainder when 274104479 is divided by 2028.
2027
What is the remainder when 998415 is divided by 254?
195
Calculate the remainder when 2255453 is divided by 61.
39
What is the remainder when 6195273 is divided by 52?
45
What is the remainder when 2053728 is divided by 4379?
4356
Calculate the remainder when 7272918 is divided by 1454564.
98
Calculate the remainder when 14281094 is divided by 131.
129
Calculate the remainder when 7684529 is divided by 105.
104
Calculate the remainder when 351669 is divided by 3739.
203
What is the remainder when 805897 is divided by 1175?
1022
What is the remainder when 1900812 is divided by 1349?
71
What is the remainder when 460410325 is divided by 260?
245
Calculate the remainder when 875912 is divided by 79619.
103
What is the remainder when 235313 is divided by 1922?
829
Calculate the remainder when 2918378 is divided by 2406.
2306
What is the remainder when 604228 is divided by 805?
478
Calculate the remainder when 10968510 is divided by 8569.
190
Calculate the remainder when 1009589 is divided by 655.
234
What is the remainder when 21813 is divided by 891?
429
What is the remainder when 479739 is divided by 1874?
1869
Calculate the remainder when 144348 is divided by 275.
248
Calculate the remainder when 683961 is divided by 29702.
815
Calculate the remainder when 229696 is divided by 56391.
4132
Calculate the remainder when 14439606 is divided by 84.
6
Calculate the remainder when 645008 is divided by 1658.
46
What is the remainder when 576253 is divided by 1264?
1133
Calculate the remainder when 119965 is divided by 29473.
2073
What is the remainder when 4489065 is divided by 2244531?
3
Calculate the remainder when 9096752 is divided by 2649.
86
What is the remainder when 259342 is divided by 62?
58
What is the remainder when 4049660 is divided by 29559?
77
Calculate the remainder when 777530 is divided by 55535.
40
Calculate the remainder when 50175140 is divided by 19.
16
What is the remainder when 2567601 is divided by 65?
36
Calculate the remainder when 26208 is divided by 271.
192
Calculate the remainder when 212917002 is divided by 106.
102
Calculate the remainder when 1042145 is divided by 521072.
1
Calculate the remainder when 2144218 is divided by 243.
229
What is the remainder when 51046162 is divided by 21?
13
What is the remainder when 6632 is divided by 2556?
1520
Calculate the remainder when 15862472 is divided by 248.
144
Calculate the remainder when 140329489 is divided by 670.
669
What is the remainder when 928455 is divided by 1759?
1462
What is the remainder when 45369937 is divided by 10?
7
What is the remainder when 7021802 is divided by 2340596?
14
Calculate the remainder when 285794 is divided by 5289.
188
What is the remainder when 441201 is divided by 113?
49
Calculate the remainder when 893013 is divided by 178462.
703
What is the remainder when 69425 is divided by 65948?
3477
Calculate the remainder when 130444 is divided by 20917.
4942
Calculate the remainder when 8854891 is divided by 406.
31
Calculate the remainder when 266972849 is divided by 50.
49
What is the remainder when 307043 is divided by 17057?
17
What is the remainder when 753013 is divided by 57?
43
What is the remainder when 3696885 is divided by 82?
79
Calculate the remainder when 10277908 is divided by 380663.
7
Calculate the remainder when 5663539 is divided by 166.
117
What is the remainder when 473652 is divided by 570?
552
What is the remainder when 10280787 is divided by 150?
87
Calculate the remainder when 35024183 is divided by 1751209.
3
Calculate the remainder when 20178567 is divided by 82699.
11
Calculate the remainder when 955773698 is divided by 78.
74
Calculate the remainder when 4724163 is divided by 1181017.
95
What is the remainder when 1001041 is divided by 1681?
846
What is the remainder when 8